 = 8. Let r(t) = -3*t - t + 16*t + d - 11*t. Determine r(m).
-4
Let h(v) = -v + 0 + 0 + 7*v**2 + 1. Let n(i) be the third derivative of i**5/15 - i**4/24 + 39*i**2. Let z(s) = -3*h(s) + 5*n(s). What is z(-3)?
-6
Let u(q) = -q**3 + q**2 - q. Suppose h + 4 = 0, -n + 2*h + 1 = -1. Let w(m) = 7*m**3 - 5*m**2 + 6*m + 1. Let a(k) = n*u(k) - w(k). Calculate a(-1).
-1
Let u be (-5 + -2 - -3) + 0. Let r be (2 + u + 2)/(-2). Let m(x) = x**3 - x**2 - 1. Determine m(r).
-1
Suppose 0 = 6*g + 1 - 55. Let w(a) = -a**2 + 8*a + 13. Determine w(g).
4
Let c(t) = -t**3 - 12*t**2 - 10*t + 15. Let n be c(-11). Let y(a) = -a + 1. Let v be y(-4). Let w(p) = -2*p**2 - 2*p**2 + 0*p**2 - v*p + 5*p**2. Give w(n).
-4
Suppose -2*u + 19 - 9 = 0. Let f(r) = 0 - 4 + u - r + 2. Calculate f(5).
-2
Let i(y) = 2*y - 10. Suppose -54 = -5*m + 176. Let l = m + -38. Calculate i(l).
6
Let b(y) = 7*y**3 - 6*y**2 + 4*y + 9. Let c(h) = -h**3 - h**2 + h. Let d(j) = b(j) + 6*c(j). Let x be d(11). Let l(o) = -o**3 - 3*o - 3. Determine l(x).
11
Let f(i) = i + 8 - 8 + 4*i**2. Suppose 0 = -5*d + 2*p - 3, 0 = d + p - 0*p + 2. Let m be 2/(-3 + 2 + d). Give f(m).
3
Let w(z) = 11*z**2 + 2*z + 4. Let f(o) = -14*o**2 - 3*o - 5. Let y(n) = 4*f(n) + 5*w(n). Determine y(-4).
-8
Let o(f) = f**3 + 3*f**2 - 7*f - 10. Let p(q) = 11*q + 128. Let u be p(-12). Determine o(u).
2
Let s(a) = a + 4. Let f be 904/48 + 2 - (-2)/12. Suppose -f = 2*x - 27. Determine s(x).
7
Suppose 5*h = 69 + 31. Suppose -8 = 16*i - h*i. Let s(a) = -3*a**2 + 2*a + 2. What is s(i)?
-6
Let o(z) = -z - 1. Let c = 4 - 69. Let r = c - -63. Give o(r).
1
Let i(r) be the third derivative of 7*r**5/30 - 4*r**4/3 + 29*r**3/6 - 6*r**2. Let p(h) = -5*h**2 + 11*h - 10. Let g(l) = -6*i(l) - 17*p(l). Give g(-5).
-4
Let h(d) = -14 + 79*d + 6 - 75*d + 4. What is h(2)?
4
Suppose 148*x - 56 = 4*p + 146*x, -4*x = 16. Let u(d) = d**3 + 15*d**2 - 17*d - 18. Determine u(p).
-2
Let v = 362 - 368. Let a(y) = -y**3 - 6*y**2 - 11. Determine a(v).
-11
Let f be (-6)/39 - (-76)/(-13)*1. Let z(l) = -4*l**3 + l**2 + 5*l + 15. Let r(g) = -5*g**3 + g**2 + 6*g + 15. Let k(y) = f*z(y) + 5*r(y). Calculate k(0).
-15
Let i be (-3)/(-2)*(-2 - 0). Let t be (-1)/((-1)/i) + 1. Let a(s) = 2*s + 18 - s + 13 - 32. Calculate a(t).
-3
Let n(s) be the second derivative of -2*s**3/3 + 2*s**2 + 116*s. Give n(-4).
20
Let l(r) = 355 + 11*r - 343 + r**2 + r. Give l(-12).
12
Let g(f) = -f**2 - 6*f + 4. Let b(w) = 2*w - 2. Let d be b(-5). Let h(c) = 2*c**2 - 8*c + 8. Let s be h(2). Let i be d/(-6) + -7 + s. What is g(i)?
9
Let l(x) = -23*x + 37. Let d(r) = 64*r - 109. Let j(i) = -4*d(i) - 11*l(i). Calculate j(14).
-13
Let a(x) = x**2 - 2*x + 1. Let l = 11 + -8. Let f be (l - 0)*(-4)/3. Let z = f - -8. What is a(z)?
9
Let b(s) = -8 + 431*s + s**3 - 4*s**2 - 853*s - 2*s**2 + 428*s. Calculate b(6).
28
Let x(f) = f + 1. Let c(z) = -2*z - 2. Let v(t) = -c(t) + 2*x(t). Let p(y) = -y**3 + 27*y**2 - 50*y - 3. Let o be p(25). What is v(o)?
-8
Let p(m) = 7*m - 7. Let y(t) = -2 + 4 - 1. Let c(v) = p(v) + 6*y(v). What is c(2)?
13
Suppose 5*b + 35 = -0*b. Let o = b + 6. Let g(u) be the first derivative of -2*u**2 + 1. Give g(o).
4
Let h(q) = q**3 - 5*q**2 - 13*q + 7. Let c be h(7). Suppose -3*y - 32 + c = 0. Let f(p) = p + 3. What is f(y)?
-3
Let h(y) = -y**3 - 9*y**2 - 11*y + 2. Suppose -g - 21*g = 176. Calculate h(g).
26
Let s(f) = 2*f**2 + 3*f + 1. Let c(a) = -a**2 - 2. Let v(y) = -y**2 - y. Let j(r) = -c(r) + 3*v(r). Let o be j(1). Give s(o).
10
Let n(c) = 16*c + 124. Let b(y) = 3*y + 25. Let q(d) = -11*b(d) + 2*n(d). Calculate q(-22).
-5
Let m(u) = -24 + 25 + 29 + 11*u - 7 + 42. What is m(-6)?
-1
Let m(j) be the second derivative of -j**6/180 + j**5/120 - 11*j**4/6 + 13*j. Let d(o) be the third derivative of m(o). Calculate d(3).
-11
Let a(d) = 3*d + 13. Let q be a(-6). Let w(g) = g**3 + g**2 + 3*g - 6. Let p(z) = z**2. Let v(c) = -5*p(c) - w(c). What is v(q)?
-4
Let w(s) = 4*s**2 - 3*s + 1. Suppose 4*d - 20 = 0, 0 = 6*i - 9*i + 5*d - 16. Determine w(i).
28
Suppose -h - 32 = -37. Let r(v) = 3*v**3 - 5*v**2 - 2*v**3 - 2 + 0*v**2 + 0*v**3. What is r(h)?
-2
Let u(d) = 2*d - 107 + 180 - 79. Give u(4).
2
Let f(y) be the second derivative of -y**3/6 + 2*y**2 - 119*y. Give f(12).
-8
Let u(s) = s**2 + 7*s - 4. Let f(h) = 4*h - 17. Let n be f(5). Suppose n*c - 8 = -3*d - 23, 4*c + 41 = 3*d. What is u(c)?
4
Let m(c) be the first derivative of c**3/3 - 2*c**2 - 5*c - 2. Let v be (2 - -28) + 0*3/12. Suppose -v = 66*l - 71*l. What is m(l)?
7
Let t be (-1 - -2)/((-12)/(-72)). Let m(h) = -8*h + 0 + 1 + 3*h + t*h. Determine m(3).
4
Suppose 11*b - 10*b + 5 = 0. Let w(q) = -q + 5. Let h(m) = -m + 2. Let x(s) = b*h(s) + 3*w(s). What is x(4)?
13
Let u = -6 + 12. Let d(i) = i**2 - 6*i + 4. Let k be d(u). Let n(c) = 3 + 0 + c**2 - 5*c - 2 + 3. Calculate n(k).
0
Suppose -x - 1 = -3. Let p(q) = -8*q + 3*q - x + q**3 - q**2 + 6 - 3*q**2. Let z be -1 - -7 - (2 + -1). What is p(z)?
4
Let s(h) be the second derivative of -2*h**2 - 5/6*h**3 + 0 - 10*h + 1/6*h**4. Determine s(4).
8
Let k = -2116 - -2120. Let a(t) = 2*t + 8. Give a(k).
16
Let w(c) = -c**3 - 6*c**2 - 6*c - 6. Let k be ((-3)/2)/((-36)/(-120)). What is w(k)?
-1
Let r(q) = 156*q**2 - 158*q**2 - 4*q**3 - 2158*q + 2157*q. Let h be (-1 - -1) + -2 + 1. Give r(h).
3
Let u = -37 + 54. Let f = u - 16. Let t(v) = 5*v**3 - 1. Calculate t(f).
4
Let a be 28/(-21)*3/1. Let u be 1/a - (-77)/(-28). Let r(m) = -2*m + 9. Let i(b) = b - 8. Let n(y) = u*i(y) - 2*r(y). What is n(-5)?
1
Let m(s) = s**3 + 2*s**2 + s + 166 - 169 - 4*s. What is m(-2)?
3
Let c = -75 + 80. Let q(h) = 14*h**3 - 23*h**2 - 3*h - 15. Let r(o) = -5*o**3 + 8*o**2 + o + 5. Let s(x) = 4*q(x) + 11*r(x). Give s(c).
15
Suppose 0 = -50*s + 2*s + 480. Let x(v) = -3*v + 9. Calculate x(s).
-21
Let n(k) = -6*k - 2. Let u = 192 + -187. What is n(u)?
-32
Let n(u) = u**2 + 3*u - 4. Let h be n(-3). Let q(z) be the first derivative of z**3/3 + 3*z**2/2 - 5*z - 363. Determine q(h).
-1
Let s(t) = -5*t**2 + 4*t**2 - 115*t + 59*t + 50*t. Suppose 4*m + 20 = -0*m. Calculate s(m).
5
Let t(o) = o**3 + o**2 + 2*o - 10. Let w be t(0). Let n be (w/20)/((-2)/12). Let b(j) = -j**3 + 4*j**2 + 2*j - 2. Give b(n).
13
Let a(y) = -3*y**3 - 2*y**2 - y - 1. Let b(x) = x**2 - 10*x + 19. Let h be b(7). What is a(h)?
17
Let g(t) be the third derivative of t**8/6720 + t**7/360 + t**6/180 - t**5/60 - t**4/4 - 2*t**2. Let a(j) be the second derivative of g(j). Calculate a(-6).
10
Suppose -1 = -2*r + 7. Suppose -4*x = -7 - 5. Let b(u) = -10*u**3 + 5*u**3 - 1 + 4*u**3 + x*u**2 + 6*u. Give b(r).
7
Suppose -30 = 105*n - 99*n. Let y(o) = o**2 + 6*o - 2. Give y(n).
-7
Let y be (-3)/(90/24) + 27/15. Let p(s) be the third derivative of 0 + 1/60*s**5 + 0*s + 1/6*s**3 - 2*s**2 - 1/12*s**4. Give p(y).
0
Let b be 252/10 - (9/45 - 0). Suppose 0 = 8*d - b - 39. Let w(c) = c**3 - 8*c**2 + c - 8. What is w(d)?
0
Let l(v) = 7*v**2 - 4*v + 12. Let x(k) = -15*k**2 + 9*k - 26. Let n(f) = 13*l(f) + 6*x(f). Give n(2).
8
Let z(q) = 0*q**2 + 4*q**2 - 11*q**2 + 46 + 15*q - 47 + 6*q**2. Calculate z(15).
-1
Let d(z) = z**3 - 4*z**2 - 22*z + 12. Let n(j) = -4*j**3 - 20*j**2 + 7. Let g be n(-5). Give d(g).
5
Suppose -2*f + x = 2 - 22, 2*x + 48 = 5*f. Let n(y) = 8*y - 11*y**2 + 2*y + 7*y**2 - f*y + 1. Calculate n(-1).
-5
Suppose -2*r - 15 = -7*r. Let c(d) = d**r + 7 - 1 + 3 - 8*d - 6*d**2. Let u be 1*(-12)/(96/(-56)). Determine c(u).
2
Let u = -435 + 439. Let k = 1 - -1. Let v(s) = 5*s**k - 1 + 4*s - 1 - 5*s - s**3. Calculate v(u).
10
Let v(f) = 3*f**3 + f**2 - 3*f + 2. Suppose 2*x + 4 = -3*o - 0, -5*x - 2*o = -1. Determine v(x).
3
Let w(b) = 1068*b**2 + 10*b + 1066*b**2 - 2133*b**2. Give w(-10).
0
Suppose 5*x + 29 = 149. Suppose -4*v + 0*v - x = 0. Let g be (8/(-10))/(v/(-30)). Let k(o) = -o**3 - 3*o**2 + 6*o + 3. Determine k(g).
-5
Let j(n) = n + 3. Suppose 0 = -5*s + 4*m + 16, 5*s + 5 = -3*m - 7. What is j(s)?
3
Let v(c) = -c**2 - 12*c + 4. Let i(f) = -f**2 - 7*f + 2. Let l(m) = 5*i(m) - 3*v(m). Suppose -4 = -k, 0 = 2*o - 2*k + 5 - 3. Give l(o).
-17
Let h be 5*(-6)/(-30) + -9. Let y(j) = -j**2 - 10*j - 10. Determine y(h).
6
Let q(w) = 3*w**2 - 3*w - 8. Suppose 3*y - 36 = -y. Let k(g) = -7*g**2 + 5*g + 16. Let l(i) = y*q(i) + 4*k(i). Calculate l(-6).
-2
Let d(v) = v**2 + v 